 of 71128?
2
What is the thousands digit of 5611?
5
What is the units digit of 120?
0
What is the hundreds digit of 6558?
5
What is the tens digit of 16307?
0
What is the hundreds digit of 2098?
0
What is the hundreds digit of 1988?
9
What is the hundreds digit of 83757?
7
What is the units digit of 1839?
9
What is the hundreds digit of 2810?
8
What is the thousands digit of 2274?
2
What is the units digit of 6213?
3
What is the tens digit of 4252?
5
What is the hundreds digit of 14823?
8
What is the ten thousands digit of 14069?
1
What is the tens digit of 119107?
0
What is the hundreds digit of 169?
1
What is the tens digit of 3104?
0
What is the hundreds digit of 10024?
0
What is the units digit of 2194?
4
What is the hundreds digit of 727?
7
What is the hundreds digit of 2409?
4
What is the units digit of 2687?
7
What is the units digit of 354?
4
What is the tens digit of 8037?
3
What is the hundreds digit of 1241?
2
What is the units digit of 1011?
1
What is the thousands digit of 2208?
2
What is the hundreds digit of 14318?
3
What is the tens digit of 1709?
0
What is the tens digit of 196?
9
What is the thousands digit of 44236?
4
What is the hundreds digit of 230?
2
What is the tens digit of 1389?
8
What is the ten thousands digit of 26755?
2
What is the hundreds digit of 8869?
8
What is the thousands digit of 1198?
1
What is the units digit of 2590?
0
What is the units digit of 4270?
0
What is the units digit of 742?
2
What is the tens digit of 20828?
2
What is the tens digit of 15298?
9
What is the units digit of 26063?
3
What is the units digit of 1192?
2
What is the thousands digit of 3436?
3
What is the units digit of 56582?
2
What is the units digit of 98701?
1
What is the tens digit of 2477?
7
What is the units digit of 9368?
8
What is the hundreds digit of 2105?
1
What is the hundred thousands digit of 135142?
1
What is the ten thousands digit of 17947?
1
What is the thousands digit of 7604?
7
What is the units digit of 460?
0
What is the units digit of 3100?
0
What is the ten thousands digit of 21500?
2
What is the hundreds digit of 664?
6
What is the tens digit of 773?
7
What is the tens digit of 22417?
1
What is the tens digit of 819?
1
What is the hundreds digit of 806?
8
What is the thousands digit of 191340?
1
What is the tens digit of 10250?
5
What is the tens digit of 89?
8
What is the tens digit of 573?
7
What is the tens digit of 1055?
5
What is the thousands digit of 1152?
1
What is the thousands digit of 1433?
1
What is the thousands digit of 2665?
2
What is the hundreds digit of 2460?
4
What is the units digit of 6256?
6
What is the hundreds digit of 44074?
0
What is the units digit of 521?
1
What is the ten thousands digit of 88264?
8
What is the hundreds digit of 2623?
6
What is the units digit of 995?
5
What is the units digit of 1208?
8
What is the units digit of 210?
0
What is the hundreds digit of 12118?
1
What is the hundreds digit of 17054?
0
What is the thousands digit of 32468?
2
What is the tens digit of 8707?
0
What is the hundreds digit of 254?
2
What is the units digit of 11214?
4
What is the tens digit of 51126?
2
What is the tens digit of 1217?
1
What is the thousands digit of 46820?
6
What is the units digit of 421?
1
What is the hundreds digit of 730?
7
What is the ten thousands digit of 20303?
2
What is the tens digit of 26500?
0
What is the tens digit of 62?
6
What is the tens digit of 20?
2
What is the units digit of 50685?
5
What is the tens digit of 70?
7
What is the hundreds digit of 6653?
6
What is the thousands digit of 14561?
4
What is the hundred thousands digit of 101159?
1
What is the hundreds digit of 4019?
0
What is the units digit of 5700?
0
What is the hundreds digit of 708?
7
What is the hundreds digit of 361?
3
What is the thousands digit of 32921?
2
What is the thousands digit of 91849?
1
What is the hundreds digit of 760?
7
What is the tens digit of 1430?
3
What is the hundreds digit of 487?
4
What is the hundreds digit of 3753?
7
What is the tens digit of 843?
4
What is the tens digit of 4638?
3
What is the hundreds digit of 1285?
2
What is the tens digit of 7272?
7
What is the hundreds digit of 4047?
0
What is the units digit of 3876?
6
What is the units digit of 30379?
9
What is the tens digit of 3434?
3
What is the units digit of 17929?
9
What is the units digit of 3814?
4
What is the tens digit of 117816?
1
What is the tens digit of 1509?
0
What is the thousands digit of 25550?
5
What is the thousands digit of 46697?
6
What is the units digit of 17620?
0
What is the hundreds digit of 761?
7
What is the hundreds digit of 891?
8
What is the tens digit of 657?
5
What is the thousands digit of 16934?
6
What is the units digit of 10?
0
What is the tens digit of 1634?
3
What is the thousands digit of 2982?
2
What is the hundreds digit of 12201?
2
What is the units digit of 15530?
0
What is the units digit of 1648?
8
What is the units digit of 945?
5
What is the hundreds digit of 758?
7
What is the ten thousands digit of 61861?
6
What is the thousands digit of 60234?
0
What is the units digit of 37926?
6
What is the units digit of 171?
1
What is the thousands digit of 1470?
1
What is the units digit of 5721?
1
What is the tens digit of 2377?
7
What is the thousands digit of 4495?
4
What is the ten thousands digit of 15291?
1
What is the thousands digit of 9756?
9
What is the units digit of 4111?
1
What is the hundreds digit of 5375?
3
What is the ten thousands digit of 13428?
1
What is the units digit of 9334?
4
What is the units digit of 579?
9
What is the hundreds digit of 1894?
8
What is the ten thousands digit of 19283?
1
What is the thousands digit of 1017?
1
What is the units digit of 4576?
6
What is the thousands digit of 34870?
4
What is the hundreds digit of 203?
2
What is the thousands digit of 26008?
6
What is the hundreds digit of 78641?
6
What is the units digit of 7816?
6
What is the ten thousands digit of 30725?
3
What is the hundreds digit of 4377?
3
What is the hundreds digit of 2466?
4
What is the ten thousands digit of 32345?
3
What is the hundreds digit of 9548?
5
What is the hundreds digit of 968?
9
What is the ten thousands digit of 100311?
0
What is the units digit of 124199?
9
What is the thousands digit of 13839?
3
What is the tens digit of 9952?
5
What is the hundreds digit of 1088?
0
What is the thousands digit of 32708?
2
What is the hundreds digit of 6745?
7
What is the units digit of 189?
9
What is the hundreds digit of 61482?
4
What is the ten thousands digit of 148524?
4
What is the units digit of 1985?
5
What is the hundreds digit of 5135?
1
What is the hundreds digit of 16642?
6
What is the ten thousands digit of 45322?
4
What is the hundreds digit of 5553?
5
What is the hundreds digit of 4670?
6
What is the hundreds digit of 263?
2
What is the units digit of 2?
2
What is the hundreds digit of 2837?
8
What is the tens digit of 1261?
6
What is the hundreds digit of 85958?
9
What is the thousands digit of 7635?
7
What is the units digit of 99706?
6
What is the tens digit of 30?
3
What is the tens digit of 4976?
7
What is the tens digit of 502?
0
What is the tens digit of 15762?
6
What is the tens digit of 753?
5
What is the ten thousands digit of 108352?
0
What is the thousands digit of 1578?
1
What is the units digit of 29836?
6
What is the hundreds digit of 1225?
2
What is the units digit of 1261?
1
What is the units digit of 16541?
1
What is the units digit of 428?
8
What is the tens digit of 692?
9
What is the tens digit of 61949?
4
What is the tens digit of 49?
4
What is the tens digit of 6065?
6
What is the hundreds digit of 6510?
5
What is the thousands digit of 56883?
6
What is the thousands digit of 4325?
4
What is the hundreds digit of 526?
5
What is the units digit of 112457?
7
What is the thousands digit of 1747?
1
What is the units digit of 30?
0
What is the tens digit of 2175?
7
What is the thousands digit of 4797?
4
What is the ten thousands digit of 23279?
2
What is the hundreds digit of 51214?
2
What is the units digit of 69769?
9
What is the tens digit of 2207?
0
What is the units digit of 9764?
4
What is the units digit of 15290?
0
What is the units digit of 62558?
8
What is the units digit of 240?
0
What is the units digit o